- -2 - 8 - (28 - 29))?
-10
Calculate (-15 - -12 - 1) + 4.
0
-13 + (9 - (-3 + 13) - -10)
-4
What is (-19 - -2 - -25) + 1 + -13 + 32?
28
What is 1 + 7 + 1 + 75 + -80 - -6?
10
What is 5 + 2 + -16 + 0 + 33?
24
What is (18 - -21) + (8 - 40)?
7
Evaluate (4 - 20) + 3 + (12 - 23) + 6.
-18
Calculate -6 + 7 + -3 + -3 + 5.
0
Calculate -33 - -15 - (4 + -14).
-8
What is -2 - (9 + (0 - 1 - (120 - 106)))?
4
Calculate 4 + (-12 - -2 - (-62 + 44)).
12
What is the value of -3 - (-2 - (-2 - (16 - 8)))?
-11
(-19 + 1 - -20) + -12
-10
What is 13 + (14 - 13) - 9?
5
What is 19 - (31 + -11) - (2 + 1)?
-4
What is the value of 24 + -7 + (45 - 85)?
-23
6 - (-1 + 2 + -2 + 8 + -4)
3
What is 13 + -13 - (1 + (-6 - -2) - 17)?
20
What is the value of -18 + (18 - 0) + -18?
-18
Evaluate -74 + 70 + 4 + -3 + 2.
-1
Evaluate 0 + -4 - (11 + 6 + (10 - 20)).
-11
What is the value of (2 - (-14 + (28 - -7))) + -3?
-22
0 + 3 - ((-30 - (32 - -4)) + 32)
37
(-8 - -19) + (-9 - (-3 + 0)) + 4
9
What is the value of 19 - (18 + -14 + -4)?
19
3 + (-14 - -44) + -17
16
What is the value of -2 + 6 + 0 - (-3 + (3 - -15))?
-11
Calculate 2 + -9 + -3 + (-8 - -15).
-3
7 - 1 - (9 - -14) - (-4 - 3)
-10
What is (6 + -16 - -6) + 1?
-3
Calculate (4 - 2) + (19 + -11 - 16).
-6
Evaluate (9 - (-1 + -1 + 0)) + 1 + -7.
5
What is 11 + -16 - (-3 - -6) - 0?
-8
Evaluate 11 + (2 - -22 - (196 + -190)).
29
Evaluate 33 + -5 + -21 + 0.
7
What is (-13 + -1 - (4 + -15)) + 12?
9
Evaluate (35 - -1) + (-19 - 3).
14
What is 31 + -7 + -16 - 15?
-7
Calculate -7 - (3 + -15 - (4 - 11)).
-2
0 - (23 + -1 + 11 + -14 + -4)
-15
Evaluate (30 - 29) + 2 + 1 - 3.
1
22 + (27 - 0 - 26)
23
-12 + 5 + (-1 - -7) - (11 + 3)
-15
What is the value of 9 + 2 + -8 + -8?
-5
What is -22 + 17 + -9 + 26?
12
(-26 - (-31 + 11)) + (0 - -27)
21
What is -10 - 0 - (9 - (-3 + 11) - -2)?
-13
What is 1 - 9 - (-5 - (9 + -17))?
-11
What is the value of 13 - (29 + 10) - (-12 + 1)?
-15
Calculate (-25 - (-10 - 32)) + -30.
-13
What is the value of 3 + -2 - ((3 - (-15 - -9)) + -5)?
-3
Calculate 10 - ((-3 - -31 - 11 - 11) + -11).
15
Evaluate -2 - (-12 + -7 + 6).
11
-22 + 17 + -3 + (0 - 7) + 4
-11
What is -9 + (-8 - -8) - -14 - -2 - 6?
1
1 + -2 + (-23 - (-20 - (0 + -5)))
-9
What is the value of (2 - (5 - 6)) + (-4 - 2)?
-3
(3 - 12) + (7 + -18 - (-6 + -2))
-12
What is the value of -19 + (-6 + (-4 - -2) - -17)?
-10
Evaluate 8 + 5 + 4 + (-5 - 1).
11
What is 8 - (4 + 12 + -17)?
9
What is the value of 11 - (2 - (13 + -9 - 8))?
5
Calculate (-36 - -30) + -6 + -8.
-20
Calculate -30 + 0 + (-12 - -6) + 10.
-26
What is (-10 - (-1 - (7 + 4))) + 1?
3
-24 - (-68 + 13) - 15
16
Evaluate 22 + (-5 - (6 + -11) - 10).
12
Evaluate -34 - -8 - -13 - (-4 - (4 + -1)).
-6
Evaluate (-7 - -9 - 4) + -2.
-4
What is the value of -2 - (1 + -7 + (8 - 2))?
-2
-672 - -664 - (-20 + 0 + -2 + -1)
15
What is the value of -9 + (33 - 12) - 8?
4
Calculate 18 + (-24 - (4 - -11)).
-21
Evaluate (-9 - -17) + -8 + -18 + (12 - 5).
-11
What is (1 + 8 + -2 - -9) + 2 + -7?
11
-67 + (58 - (-18 - -43))
-34
What is (28 - (-31 + 45)) + -11 + -3?
0
What is (291 - 335) + (14 - -2)?
-28
What is the value of -42 + (60 - 11) + -36?
-29
What is (-5 - 12) + -2 + 15?
-4
Evaluate (0 + -3 - 0) + 3 + -6 + -11.
-17
-8 + -3 + 14 + 3 + -3
3
What is -13 + (-18 - -2) + 61?
32
669 - 694 - (-43 - -1)
17
Calculate 1 + 6 + -13 + -12 + 8.
-10
5 - -3 - 15 - (-22 + 0)
15
What is the value of -7 + (10 - (10 + -26))?
19
Calculate (18 - -3) + (-75 - -70) - 45.
-29
Evaluate 1 - -8 - (-262 - -261).
10
Evaluate -4 - (3 + (-1 - 12) - -9) - -5.
2
Evaluate (30 - (45 + -15)) + -3 + -5.
-8
Calculate 26 + -44 + (20 - (1 - -4)).
-3
What is 8 + (1 + -20 - -5 - -2) + 0?
-4
Calculate -7 + (6 + 0 - -6).
5
What is -1 - 0 - (-54 + 36)?
17
Calculate 15 - ((-16 - -22) + 9).
0
What is the value of -10 + 11 + -5 + (12 - 18)?
-10
What is the value of 57 + -53 + (1 - 2 - 2)?
1
What is -12 - -38 - 18 - (-2 - -1)?
9
Calculate -7 - (-6 - -3) - (1 + 0 + -3).
-2
What is 13 - (-12 + (21 - 1) - 10)?
15
-8 + (-5 - (-1 + -3))
-9
Evaluate (-26 - -23 - -61) + -32.
26
What is -6 - (22 + -30 + (0 - 4))?
6
0 + -2 + 15 + -11 + (23 - 22)
3
Calculate -9 + (7 - (-14 + 10 + -5)) - 9.
-2
Evaluate 12 - 4 - (17 + (10 - 16)).
-3
What is the value of (3 - 40) + (-28 - 2) + 40?
-27
Evaluate -58 + 40 + 61 + -11.
32
15 - (-2 + 16) - (-13 - -2)
12
-3 + -5 + (-25 + 12 - -23)
2
Calculate 5 - ((-2 - 2) + 6 - 6).
9
What is the value of (10 - (31 + -18)) + -3?
-6
What is the value of -17 - (-14 + -22 + 21)?
-2
What is (178 - 194) + 0 + -1?
-17
4 - (26 + -7) - (3 - 12)
-6
Calculate 11 + 6 + 12 + -14.
15
What is -5 + (29 - 14 - 37) - -1?
-26
What is the value of -5 + (-45 - -52 - (0 - 7))?
9
Evaluate (1 - (0 + 8)) + -55 + 61.
-1
What is the value of 9 - 4 - (9 + -3)?
-1
What is the value of 2 - (-5 + (2 - 2) + 1) - 2?
4
Evaluate -22 + 0 + (-19 - -36) + -23.
-28
-16 + (-33 - (-53 - -16))
-12
What is -2 + (-5 - ((2 - -7) + (42 - 47)))?
-11
What is -29 + 33 - (-1 - -2 - (8 - 1))?
10
Calculate -9 - (7 + -31) - 20.
-5
What is 1 - (7 + (-13 - 8))?
15
What is 96 + -99 + (0 - (-2 + 1))?
-2
Evaluate 0 - (-8 + (-7 - (-28 - 4))).
-17
Calculate 12 + (3 - (-4 + 10)) + (8 - 0).
17
(-27 - -46) + -6 + 6
19
What is 4 + 0 + -3 + 16 + -4?
13
What is the value of 90 - 51 - (0 - -8)?
31
What is -2 + 7 + (-92 - -95)?
8
(1 - (-13 - -13)) + 1
2
What is the value of 15 + (-8 - -1) - -3?
11
-13 + (39 - (13 - -3))
10
Calculate 39 + (1 + 0 + 10 - (-2109 - -2125)).
34
Calculate 14 + (11 - 7) - 15.
3
What is -11 + 2 + 0 + 4 - -22?
17
Calculate -8 + (-7 - 0) + 11.
-4
Calculate 15 + (-3 - 5) - (1 - -4) - -19.
21
Calculate 1 + (-19 - (-38 - -25)).
-5
Evaluate -5 + 1 - (-8 - -4) - (-13 + 10).
3
What is the value of 19 + -24 + 14 + -21?
-12
Evaluate (-6 - 4 - -14) + -2 - -5.
7
Evaluate (-178 - -121) + 30 + -5.
-32
Calculate (6 + 26 - 28) + (-12 - -1 - 0).
-7
Calculate 17 - (-18 - -36) - (-17 + 10).
6
-14 + (-4 - -9) + 2 - (0 + 2)
-9
Evaluate (26 - 9) + 1 + -25.
-7
8 + -9 + (-19 + 12 - -25)
17
Calculate 0 + -9 - (-5 - 0) - (1 - 0).
-5
-1 - ((-8 - -10) + -9)
6
What is (-5 - (-10 + 4)) + 6 + 6 - 5?
8
Calculate (1 + 3 + -8 - -3) + 3.
2
6 + -1 + 8 + -17
-4
29 + 19 + -37 + -8
3
What is -8 + -9 + 6 + 19 - -1?
9
Evaluate (47 - 26 - 23) + (4 - 1).
1
Evaluate -12 - (-8 - ((6 - 10) + 5)) - -5.
2
What is the value of 139 + -153 + -1 + 1?
-14
Evaluate 9 + (1 + -8 - (-54 - -54)).
2
What is 13 + -18 - -17 - -6?
18
-15 + 23 + (-22 - (-4 + (10 - 2)))
-18
((0 - 13) + 2 - 1) + -14
-26
What is the value of 6 + -4 - (37 + -38)?
3
Evaluate (3 - (-9 + -7 + -4) - -5) + -4.
24
What is 20 + 0 + -23 + -9 + 2?
-10
-18 - (-48 + 24) - 7
-1
What is 1 - (-10 - (1 - (-12 + 18)))?
6
What is (-60 - -51) + (16 + -3 - 0)?
4
What is the value of (2 - 3) + 0 + 38 + -50 + -6?
-19
Evaluate (-11 + -5 - 0) + -11 + -1.
-28
What is the value of (17 - 18 - -4) + (0 - 16)?
-13
What is -24 - (-3 - (22 - 16))?
-15
What is 770 - 770 - (22 + -1 - (0 + 0))?
-21
Evaluate (-10 + 5 - -16) + -1 + (-2 - -3).
11
What is the value of 11 - (1 + -2 - (-45 + 43))?
10
What is 5 - (-18 - (-1 - (-1 - -10)))?
13
-6 + (13 - 4 - (16 + -6))
-7
What is the value of (7 - (-1 + 8)) + -6 - 7?
-13
What is 2 - (-4 + 6 - -12) - (31 + -82)?
39
Evaluate (-17 - -7 - -9 - (-4 + 0)) + -5.
-2
-11 + -1 + 28 + 10
26
What is the value of 6 + -6 + (6 - (19 + -10))?
-3
(2 - -6) + 0 - (-30 - -37)
1
What is (21 - 1 - -14) + -16?
18
Calculate -6 + (2 - -1 - (33 + -33)) - 2.
-5
(-24 - -13 - 15) + 54
28
What is the value of -38 + 30 + (6 + -2 - (5 - 7))?
-2
What is -2 + 3 + -4 - (-10 + 23 + -21)?
5
Calculate -9 + 3 + -5 + 21 + 4.
14
-5 + (-12 + 13 - (-3 - -6)) - -6
-1
2 + 17 - (12 - (-24 - -28))
11
-2 - -2 - (-7 + 23)
-16
Evaluate -5 + (8 - -1 - 3 - -4) + 5.
10
Calculate 0 + -6 + (-2 - (-2 + 1) - -7).
0
Calculate 13 - 1 - (3 + 27) - (4 + -1).
-21
Calculate -10 + 22 + 25 + -29.
8
Evaluate -4 + 15 + (7 - 6 - 3).
9
10 + (-7 - (35 - 7) - (2 + -3))
-24
Calculate -1 + 4 + (-2 - 1 - (-40 + 53)).
-13
What is the value of -17 + (11 - 7 - -11) + (1 - -2)?
1
What is the value of -20 - (25 + -21 + -52)?
28
41 + (24 - 78) + -14
-27
What is -36 + -4 + -2 + 16 + (7 - -1)?
-18
-7 + (0 - -9) + 1 + 9
12
What is the value of (4 - 0) + (-16 - -5) + 10?
3
What is (-2 - -1) + (10 - (-2 - -1)) + 2?
12
Calculate -20 + 5 - (-15 + (-9 - -40) + -13).
-18
Calc